{"id":56,"date":"2016-04-15T07:41:35","date_gmt":"2016-04-15T05:41:35","guid":{"rendered":"http:\/\/demo.qkthemes.com\/housebuild\/?page_id=56"},"modified":"2025-10-13T16:59:38","modified_gmt":"2025-10-13T14:59:38","slug":"jonas-folkesson-klimatservice-ab","status":"publish","type":"page","link":"https:\/\/www.jfkab.com\/","title":{"rendered":"Jonas Folkesson Klimatservice AB"},"content":{"rendered":"<div class=\"wpb-content-wrapper\"><p>[vc_row fullwidth=&#8221;yes&#8221;][vc_column][vc_empty_space height=&#8221;60px&#8221;][vc_single_image image=&#8221;1702&#8243; img_size=&#8221;1800&#215;400&#8243; alignment=&#8221;center&#8221;][vc_empty_space][vc_custom_heading text=&#8221;Vi \u00e4r proffs p\u00e5 inneklimat!&#8221; font_container=&#8221;tag:h2|font_size:28|text_align:center|color:%23147225|line_height:1&#8243; google_fonts=&#8221;font_family:Open%20Sans%3A300%2C300italic%2Cregular%2Citalic%2C600%2C600italic%2C700%2C700italic%2C800%2C800italic|font_style:400%20regular%3A400%3Anormal&#8221;][\/vc_column][\/vc_row][vc_row][vc_column css=&#8221;.vc_custom_1508488001145{padding-right: 10px !important;}&#8221;][vc_column_text css=&#8221;.vc_custom_1664793035983{padding-right: 10pt !important;}&#8221;]<\/p>\n<p style=\"text-align: center;\">JFK AB erbjuder kompletta l\u00f6sningar enligt just dina behov. Vi har stor erfarenhet av v\u00e4ldigt skiftande uppdrag i alla typer av fastigheter.<br \/>\n<strong>K\u00c4RNVERKSAMHETER \u00c4R SERVICE, ENTREPRENAD OCH PROJEKTERING<\/strong>[\/vc_column_text][\/vc_column][\/vc_row][vc_row][vc_column width=&#8221;1\/3&#8243; css=&#8221;.vc_custom_1508488001145{padding-right: 10px !important;}&#8221;][vc_empty_space][vc_custom_heading text=&#8221;SERVICE&#8221; font_container=&#8221;tag:h2|font_size:28|text_align:center|line_height:1&#8243; google_fonts=&#8221;font_family:Open%20Sans%3A300%2C300italic%2Cregular%2Citalic%2C600%2C600italic%2C700%2C700italic%2C800%2C800italic|font_style:400%20regular%3A400%3Anormal&#8221;][vc_column_text css=&#8221;.vc_custom_1664778918626{padding-right: 8px !important;}&#8221;]<img loading=\"lazy\" decoding=\"async\" class=\"wp-image-1226 alignnone\" src=\"https:\/\/www.jfkab.com\/wp-content\/uploads\/2016\/04\/gen_service_v.png\" alt=\"\" width=\"335\" height=\"210\" srcset=\"https:\/\/www.jfkab.com\/wp-content\/uploads\/2016\/04\/gen_service_v.png 951w, https:\/\/www.jfkab.com\/wp-content\/uploads\/2016\/04\/gen_service_v-768x481.png 768w\" sizes=\"auto, (max-width: 335px) 100vw, 335px\" \/><\/p>\n<p><span style=\"color: #333333;\">Service omfattar periodiskt underh\u00e5ll enligt en serviceplan som uppr\u00e4ttas tillsammans med v\u00e5ra kunder f\u00f6r att tillgodose r\u00e4tt niv\u00e5 och d\u00e4rmed kostnad, allt efter ditt behov och \u00f6nskem\u00e5l.<\/span><\/p>\n<p><span style=\"color: #333333;\"><strong>M\u00e5let med f\u00f6rebyggande underh\u00e5ll \u00e4r att undvika dyra reparationer och driftsstopp<\/strong>.<\/span>[\/vc_column_text][\/vc_column][vc_column width=&#8221;1\/3&#8243;][vc_empty_space][vc_custom_heading text=&#8221;ENTREPRENAD&#8221; font_container=&#8221;tag:h2|font_size:28|text_align:center|line_height:1&#8243; google_fonts=&#8221;font_family:Open%20Sans%3A300%2C300italic%2Cregular%2Citalic%2C600%2C600italic%2C700%2C700italic%2C800%2C800italic|font_style:400%20regular%3A400%3Anormal&#8221;][vc_column_text css=&#8221;.vc_custom_1664778904643{padding-right: 10pt !important;}&#8221;]<img loading=\"lazy\" decoding=\"async\" class=\"wp-image-1227 alignnone\" src=\"https:\/\/www.jfkab.com\/wp-content\/uploads\/2016\/04\/gen_entrepr_v.png\" alt=\"\" width=\"335\" height=\"210\" srcset=\"https:\/\/www.jfkab.com\/wp-content\/uploads\/2016\/04\/gen_entrepr_v.png 950w, https:\/\/www.jfkab.com\/wp-content\/uploads\/2016\/04\/gen_entrepr_v-768x481.png 768w\" sizes=\"auto, (max-width: 335px) 100vw, 335px\" \/><\/p>\n<p><span style=\"color: #333333;\">Vi installerar alla typer av ventilationsanl\u00e4ggningar f\u00f6r optimalt inneklimat.<\/span><\/p>\n<p><span style=\"color: #333333;\"><strong>V\u00e5ra l\u00f6sningar anv\u00e4nds \u00f6verallt<\/strong> &#8211; i flerbostadshus, kommersiella fastigheter, offentliga lokaler, skolor, badhus,\u00a0 olika industrier med mera.<\/span>[\/vc_column_text][\/vc_column][vc_column width=&#8221;1\/3&#8243;][vc_empty_space][vc_custom_heading text=&#8221;PROJEKTERING&#8221; font_container=&#8221;tag:h2|font_size:28|text_align:center|line_height:1&#8243; google_fonts=&#8221;font_family:Open%20Sans%3A300%2C300italic%2Cregular%2Citalic%2C600%2C600italic%2C700%2C700italic%2C800%2C800italic|font_style:400%20regular%3A400%3Anormal&#8221;][vc_column_text css=&#8221;.vc_custom_1664778832726{padding-right: 10pt !important;}&#8221;]<\/p>\n<h4><img loading=\"lazy\" decoding=\"async\" class=\"alignnone wp-image-1699\" src=\"https:\/\/www.jfkab.com\/wp-content\/uploads\/2022\/10\/KsdBadrike2.png\" alt=\"\" width=\"336\" height=\"203\" srcset=\"https:\/\/www.jfkab.com\/wp-content\/uploads\/2022\/10\/KsdBadrike2.png 709w, https:\/\/www.jfkab.com\/wp-content\/uploads\/2022\/10\/KsdBadrike2-768x464.png 768w\" sizes=\"auto, (max-width: 336px) 100vw, 336px\" \/><\/h4>\n<p><span style=\"color: #333333;\">V\u00e5ra projektledare har stor erfarenhet av skiftande uppdrag i alla typer av fastigheter och verksamheter.\u00a0 Vi tar tillsammans med dig som kund fram en l\u00f6sning anpassad f\u00f6r just ditt behov.\u00a0<\/span><\/p>\n<p><span style=\"color: #333333;\">Vi ritar och konstruerar i marknadens modernaste programvara, Magicad.<\/span><\/p>\n<p><strong>Vi hj\u00e4lper dig fr\u00e5n id\u00e9 till slutprodukt!<\/strong>[\/vc_column_text][\/vc_column][\/vc_row][vc_section el_id=&#8221;nyheter&#8221;][vc_row][vc_column][vc_empty_space height=&#8221;60&#8243;][\/vc_column][\/vc_row][vc_row][vc_column width=&#8221;1\/2&#8243;][vc_empty_space height=&#8221;20&#8243;][vc_cta h2=&#8221;Uppm\u00e4rksammat!&#8221; h2_font_container=&#8221;font_size:20|color:%23177225|line_height:1&#8243; h2_google_fonts=&#8221;font_family:Open%20Sans%3A300%2C300italic%2Cregular%2Citalic%2C600%2C600italic%2C700%2C700italic%2C800%2C800italic|font_style:600%20bold%20regular%3A600%3Anormal&#8221; el_width=&#8221;xl&#8221; use_custom_fonts_h2=&#8221;true&#8221; use_custom_fonts_h4=&#8221;true&#8221; css=&#8221;.vc_custom_1715173176135{background-color: #ffffff !important;}&#8221;]<strong>2023-02:<\/strong> <strong>Dagens Infrastruktur nr2 &#8211; 2022:<br \/>\nArtikel om JFKs och Centriairs installation av patenterad teknik f\u00f6r katalytisk luftrening p\u00e5 CRV.<\/strong><br \/>\n&gt;\u00a0<span style=\"color: #008000;\"><strong><a style=\"color: #008000;\" href=\"https:\/\/www.jfkab.com\/wp-content\/uploads\/2023\/03\/crv_centriair_jfk.pdf\">L\u00e4s artikel<\/a><\/strong><\/span><\/p>\n<p><strong>B\u00e5de 2017 och 2018 blev JFK AB nominerat som Svenskt Gasellf\u00f6retag.<\/strong><br \/>\n&gt; <a style=\"color: #008000;\" href=\"https:\/\/www.di.se\/amnen\/di-gasell-2018\/\" target=\"_blank\" rel=\"noopener noreferrer\">om DI Gasell 2018<\/a><br \/>\n<a href=\"https:\/\/www.di.se\/amnen\/di-gasell-2017\/\" target=\"_blank\" rel=\"noopener noreferrer\"><span style=\"color: #008000;\">&gt; om DI Gasell 2017<\/span><\/a><\/p>\n<p><strong>2017-11:\u00a0<\/strong> Byggindustrin nominerade passiv-hus projektet Elmeskolan till <strong>\u00c5rets Bygge 2018!<\/strong><br \/>\n&gt; <a style=\"color: #008000;\" href=\"https:\/\/www.jfkab.com\/?page_id=987\">L\u00e4s mer<\/a><\/p>\n<p><strong>2017-10:\u00a0 Artikel om JFK och Jonas Folkesson<\/strong> &gt;<strong><a href=\"https:\/\/www.jfkab.com\/wp-content\/uploads\/2019\/07\/pov2017_jfkartikel-1.pdf\" target=\"_blank\" rel=\"noopener noreferrer\"><span style=\"color: #008000;\">Pl\u00e5t &amp; Vent Magasinet Nr 9\/2017<\/span><\/a><\/strong><\/p>\n<p><img loading=\"lazy\" decoding=\"async\" class=\"wp-image-1750 alignleft\" src=\"https:\/\/www.jfkab.com\/wp-content\/uploads\/2023\/03\/artiklar2.png\" alt=\"\" width=\"1000\" height=\"706\" srcset=\"https:\/\/www.jfkab.com\/wp-content\/uploads\/2023\/03\/artiklar2.png 1178w, https:\/\/www.jfkab.com\/wp-content\/uploads\/2023\/03\/artiklar2-768x542.png 768w\" sizes=\"auto, (max-width: 1000px) 100vw, 1000px\" \/>[\/vc_cta][\/vc_column][vc_column width=&#8221;1\/2&#8243;][vc_empty_space height=&#8221;20&#8243;][vc_cta h2=&#8221;Senaste projekten&#8221; h2_font_container=&#8221;font_size:20|color:%23177214|line_height:1&#8243; h2_google_fonts=&#8221;font_family:Open%20Sans%3A300%2C300italic%2Cregular%2Citalic%2C600%2C600italic%2C700%2C700italic%2C800%2C800italic|font_style:600%20bold%20regular%3A600%3Anormal&#8221; el_width=&#8221;xl&#8221; use_custom_fonts_h2=&#8221;true&#8221; use_custom_fonts_h4=&#8221;true&#8221; css=&#8221;.vc_custom_1730912785654{background-color: #ffffff !important;}&#8221;]<strong>2024: <\/strong>Hyresg\u00e4stanpassning Normal Mobilia<br \/>\n<strong>2023: <\/strong>\u00d6ster\u00e5s Badhus, H\u00e4ssleholm<strong><br \/>\n2023: <\/strong>Dagab, H\u00e4ssleholm<strong><br \/>\n2022:\u00a0 <\/strong>Svenska Kyrkan, Hyllie<br \/>\n<strong>2022: <\/strong>Intagspumpstationer, Centrala reningsverket<strong><br \/>\n2021:\u00a0 <\/strong>Nya Bongs, Kristianstad<br \/>\n<strong>2021:\u00a0 <\/strong>Tollo Linear, Kristianstad<br \/>\n<strong>2021:\u00a0 <\/strong>CRV, Kristianstad (Centrala Reningsverket)<br \/>\n<strong>2021:\u00a0<\/strong> Mobilia, Malm\u00f6<br \/>\n<strong>2021:\u00a0 <\/strong>G\u00e4rds K\u00f6pinge Vattenverk[\/vc_cta][vc_cta h2=&#8221;Vi s\u00f6ker medarbetare till f\u00f6ljande tj\u00e4nster&#8221; h2_font_container=&#8221;font_size:20|color:%23147225|line_height:1&#8243; h2_google_fonts=&#8221;font_family:Open%20Sans%3A300%2C300italic%2Cregular%2Citalic%2C600%2C600italic%2C700%2C700italic%2C800%2C800italic|font_style:600%20bold%20regular%3A600%3Anormal&#8221; el_width=&#8221;xl&#8221; use_custom_fonts_h2=&#8221;true&#8221; use_custom_fonts_h4=&#8221;true&#8221; css=&#8221;.vc_custom_1736483490275{background-color: #ffffff !important;}&#8221;]LEDANDE MONT\u00d6R, Malm\u00f6<br \/>\nVENTILATIONSMONT\u00d6RER, Malm\u00f6<br \/>\nSERVICETEKNIKER, Malm\u00f6 och Kristianstad[\/vc_cta][\/vc_column][\/vc_row][vc_row][vc_column width=&#8221;1\/2&#8243;][vc_empty_space height=&#8221;20&#8243;][\/vc_column][vc_column width=&#8221;1\/2&#8243;][vc_empty_space height=&#8221;20&#8243;][\/vc_column][\/vc_row][\/vc_section][vc_row][vc_column][vc_empty_space height=&#8221;40&#8243;][\/vc_column][\/vc_row]<\/p>\n<\/div>","protected":false},"excerpt":{"rendered":"<p>[vc_row fullwidth=&#8221;yes&#8221;][vc_column][vc_empty_space height=&#8221;60px&#8221;][vc_single_image image=&#8221;1702&#8243; img_size=&#8221;1800&#215;400&#8243; alignment=&#8221;center&#8221;][vc_empty_space][vc_custom_heading text=&#8221;Vi \u00e4r proffs p\u00e5 inneklimat!&#8221; font_container=&#8221;tag:h2|font_size:28|text_align:center|color:%23147225|line_height:1&#8243; google_fonts=&#8221;font_family:Open%20Sans%3A300%2C300italic%2Cregular%2Citalic%2C600%2C600italic%2C700%2C700italic%2C800%2C800italic|font_style:400%20regular%3A400%3Anormal&#8221;][\/vc_column][\/vc_row][vc_row][vc_column css=&#8221;.vc_custom_1508488001145{padding-right: 10px !important;}&#8221;][vc_column_text css=&#8221;.vc_custom_1664793035983{padding-right: 10pt !important;}&#8221;] JFK AB erbjuder kompletta l\u00f6sningar enligt just dina behov. Vi har stor erfarenhet av v\u00e4ldigt skiftande uppdrag i alla typer av fastigheter. K\u00c4RNVERKSAMHETER \u00c4R SERVICE, ENTREPRENAD OCH PROJEKTERING[\/vc_column_text][\/vc_column][\/vc_row][vc_row][vc_column width=&#8221;1\/3&#8243; css=&#8221;.vc_custom_1508488001145{padding-right: 10px !important;}&#8221;][vc_empty_space][vc_custom_heading text=&#8221;SERVICE&#8221; font_container=&#8221;tag:h2|font_size:28|text_align:center|line_height:1&#8243; google_fonts=&#8221;font_family:Open%20Sans%3A300%2C300italic%2Cregular%2Citalic%2C600%2C600italic%2C700%2C700italic%2C800%2C800italic|font_style:400%20regular%3A400%3Anormal&#8221;][vc_column_text css=&#8221;.vc_custom_1664778918626{padding-right: [&hellip;]<\/p>\n","protected":false},"author":1,"featured_media":0,"parent":0,"menu_order":0,"comment_status":"closed","ping_status":"closed","template":"template-home.php","meta":{"footnotes":""},"class_list":["post-56","page","type-page","status-publish","hentry"],"_links":{"self":[{"href":"https:\/\/www.jfkab.com\/index.php?rest_route=\/wp\/v2\/pages\/56","targetHints":{"allow":["GET"]}}],"collection":[{"href":"https:\/\/www.jfkab.com\/index.php?rest_route=\/wp\/v2\/pages"}],"about":[{"href":"https:\/\/www.jfkab.com\/index.php?rest_route=\/wp\/v2\/types\/page"}],"author":[{"embeddable":true,"href":"https:\/\/www.jfkab.com\/index.php?rest_route=\/wp\/v2\/users\/1"}],"replies":[{"embeddable":true,"href":"https:\/\/www.jfkab.com\/index.php?rest_route=%2Fwp%2Fv2%2Fcomments&post=56"}],"version-history":[{"count":219,"href":"https:\/\/www.jfkab.com\/index.php?rest_route=\/wp\/v2\/pages\/56\/revisions"}],"predecessor-version":[{"id":1945,"href":"https:\/\/www.jfkab.com\/index.php?rest_route=\/wp\/v2\/pages\/56\/revisions\/1945"}],"wp:attachment":[{"href":"https:\/\/www.jfkab.com\/index.php?rest_route=%2Fwp%2Fv2%2Fmedia&parent=56"}],"curies":[{"name":"wp","href":"https:\/\/api.w.org\/{rel}","templated":true}]}}