{"id":803,"date":"2016-09-14T18:48:51","date_gmt":"2016-09-14T16:48:51","guid":{"rendered":"http:\/\/www.jfkab.com\/?page_id=803"},"modified":"2025-10-13T10:47:55","modified_gmt":"2025-10-13T08:47:55","slug":"ikea-museum","status":"publish","type":"page","link":"https:\/\/www.jfkab.com\/?page_id=803","title":{"rendered":"Projekt IKEA Museum"},"content":{"rendered":"<div class=\"wpb-content-wrapper\"><p>[vc_row][vc_column][vc_empty_space height=&#8221;168&#8243;][vc_custom_heading text=&#8221;IKEA Museum &#038; Caf\u00e9, \u00c4lmhult&#8221; font_container=&#8221;tag:h2|font_size:24|text_align:left|color:%23226835|line_height:1&#8243; google_fonts=&#8221;font_family:Open%20Sans%3A300%2C300italic%2Cregular%2Citalic%2C600%2C600italic%2C700%2C700italic%2C800%2C800italic|font_style:600%20bold%20regular%3A600%3Anormal&#8221;][vc_row_inner][vc_column_inner width=&#8221;1\/2&#8243;][vc_gallery interval=&#8221;5&#8243; images=&#8221;944,945,946,947,948,949,950,951,952,953,954,955,956,957,959&#8243; img_size=&#8221;640&#215;480&#8243;][\/vc_column_inner][vc_column_inner width=&#8221;1\/2&#8243; css=&#8221;.vc_custom_1494524389742{padding-left: 14px !important;}&#8221;][vc_custom_heading text=&#8221;Ventilation &amp; Styrentreprenad&#8221; font_container=&#8221;tag:h2|font_size:20|text_align:left|line_height:1&#8243; google_fonts=&#8221;font_family:Open%20Sans%3A300%2C300italic%2Cregular%2Citalic%2C600%2C600italic%2C700%2C700italic%2C800%2C800italic|font_style:400%20regular%3A400%3Anormal&#8221;][vc_column_text]<\/p>\n<ul>\n<li>Projekttid 2015-2016<\/li>\n<li>Kontakt: <span style=\"color: #008000;\"><a style=\"color: #008000;\" href=\"mailto:mp@jfkab.com\">M\u00e5rten Persson<\/a><\/span><\/li>\n<\/ul>\n<p>&nbsp;<\/p>\n<p>IKEAs allra f\u00f6rsta varuhus har genomg\u00e5tt total ombyggnad\u00a0f\u00f6r ny verksamhet. IKEA Museum forts\u00e4tter att vara en unik fastighet inom IKEAs best\u00e5nd. Med Dynacon som generelentrepren\u00f6r omfattade JFKs uppdrag Ventilation\/Styrentreprenaden.<\/p>\n<p>Fastighetens luftbehandling \u00e4r behovsstyrd och tillf\u00f6r 26\u00a0600 l\/s f\u00f6rdelade p\u00e5 \u00e5tta aggregat. Luften levereras till lokalerna genom 350 st golvdon inbyggda i fatwalls med vattenanslutet v\u00e4rmebatteri i varje don. Levererat av InventiAir.<\/p>\n<p>Styrningen av luftm\u00e4ngd och klimat \u00e4r utf\u00f6rd med Lindinvents system f\u00f6r reglering av fl\u00f6de och klimat.<\/p>\n<p>Tv\u00e5 Silveraggregat med inbyggda kylmaskiner och sex takmonterade aggregat f\u00f6rbundna tv\u00e5 och tv\u00e5 med serviceg\u00e5ng. Isolering och pl\u00e5t utf\u00f6rdes av ToP-isolering, och \u00e5tskilliga \u00e4r de lastbilar som kommit fr\u00e5n Profiduct med kanaler.[\/vc_column_text][\/vc_column_inner][\/vc_row_inner][\/vc_column][\/vc_row][vc_row][vc_column width=&#8221;1\/2&#8243;][vc_column_text]<strong><span style=\"color: #000000;\">V\u00c5RA UNDERENTREPREN\u00d6RER I PROJEKTET<\/span><\/strong><\/p>\n<p><span style=\"color: #000000;\">\u00a0\u00a0\u00a0 Siemens V\u00e4xj\u00f6 &#8211;\u00a0<\/span>Styr &amp; Regler<br \/>\n<span style=\"color: #000000;\">\u00a0\u00a0\u00a0 Widings El \u00c4lmhult <\/span>&#8211; Styrel<br \/>\n<span style=\"color: #000000;\">\u00a0\u00a0\u00a0 Lindinvent &#8211;<\/span>\u00a0Leverans och drifts\u00e4ttning av VAV och Lindinspect<br \/>\n<span style=\"color: #000000;\">\u00a0\u00a0\u00a0 ToP-isolering Kristianstad<\/span> &#8211;\u00a0Isolering och pl\u00e5tning<\/p>\n<p><strong><span style=\"color: #000000;\">V\u00c5RA ST\u00d6RSTA LEVERANT\u00d6RER I PROJEKTET<\/span><\/strong><\/p>\n<p><span style=\"color: #000000;\">\u00a0\u00a0\u00a0 Swegon Kalmar<\/span> &#8211; Luftbehandlings aggregat<br \/>\n<span style=\"color: #000000;\">\u00a0\u00a0\u00a0 Lindinvent<\/span> &#8211; VAV och Lindinspect<br \/>\n<span style=\"color: #000000;\">\u00a0\u00a0\u00a0 InventiAir<\/span> &#8211; Luftdon med v\u00e4rmebatteri<br \/>\n<span style=\"color: #000000;\">\u00a0\u00a0\u00a0 Profiduct<\/span> &#8211;\u00a0<span style=\"color: #000000;\">Rektangul\u00e4ra<\/span> kanaler<br \/>\n<span style=\"color: #000000;\">\u00a0\u00a0\u00a0 Lindab<\/span> &#8211; Cirkul\u00e4ra kanaler, ljudd\u00e4mpare och spj\u00e4ll<br \/>\n<span style=\"color: #000000;\">\u00a0\u00a0\u00a0 Klimatbyr\u00e5n<\/span> &#8211; Rektangul\u00e4ra ljudd\u00e4mpare, spj\u00e4ll och don<br \/>\n<span style=\"color: #000000;\">\u00a0\u00a0\u00a0 Bevent Rasch<\/span> &#8211; Brand\/ brandgasspj\u00e4ll<br \/>\n<span style=\"color: #000000;\">\u00a0\u00a0\u00a0 Acticon<\/span> &#8211; Stork\u00f6ksk\u00e5por med ledbelysning<br \/>\n<span style=\"color: #000000;\">\u00a0\u00a0\u00a0 EKO<\/span> &#8211; huvar och galler[\/vc_column_text][\/vc_column][vc_column width=&#8221;1\/2&#8243;][vc_cta h2=&#8221;Fakta&#8221; h2_font_container=&#8221;font_size:20|line_height:1&#8243; h2_google_fonts=&#8221;font_family:Open%20Sans%3A300%2C300italic%2Cregular%2Citalic%2C600%2C600italic%2C700%2C700italic%2C800%2C800italic|font_style:400%20regular%3A400%3Anormal&#8221; color=&#8221;green&#8221; use_custom_fonts_h2=&#8221;true&#8221; use_custom_fonts_h4=&#8221;true&#8221;]<\/p>\n<ul>\n<li>26 600 l\/s behandlad luft vid normal drift<\/li>\n<li>8 luftbehandlings aggregat<\/li>\n<li>350 golvdon inbyggda\u00a0i fatwalls.<img loading=\"lazy\" decoding=\"async\" class=\"wp-image-963 alignright\" src=\"https:\/\/www.jfkab.com\/wp-content\/uploads\/2016\/10\/proj_ikeamus_lindinspect.png\" alt=\"Projekt 2016 IKEA Museum - Lindinspect\" width=\"179\" height=\"164\" srcset=\"https:\/\/www.jfkab.com\/wp-content\/uploads\/2016\/10\/proj_ikeamus_lindinspect.png 419w, https:\/\/www.jfkab.com\/wp-content\/uploads\/2016\/10\/proj_ikeamus_lindinspect-768x702.png 768w\" sizes=\"auto, (max-width: 179px) 100vw, 179px\" \/><\/li>\n<\/ul>\n<p>[\/vc_cta][\/vc_column][\/vc_row][vc_row][vc_column][vc_empty_space][\/vc_column][\/vc_row]<\/p>\n<\/div>","protected":false},"excerpt":{"rendered":"<p>[vc_row][vc_column][vc_empty_space height=&#8221;168&#8243;][vc_custom_heading text=&#8221;IKEA Museum &#038; Caf\u00e9, \u00c4lmhult&#8221; font_container=&#8221;tag:h2|font_size:24|text_align:left|color:%23226835|line_height:1&#8243; google_fonts=&#8221;font_family:Open%20Sans%3A300%2C300italic%2Cregular%2Citalic%2C600%2C600italic%2C700%2C700italic%2C800%2C800italic|font_style:600%20bold%20regular%3A600%3Anormal&#8221;][vc_row_inner][vc_column_inner width=&#8221;1\/2&#8243;][vc_gallery interval=&#8221;5&#8243; images=&#8221;944,945,946,947,948,949,950,951,952,953,954,955,956,957,959&#8243; img_size=&#8221;640&#215;480&#8243;][\/vc_column_inner][vc_column_inner width=&#8221;1\/2&#8243; css=&#8221;.vc_custom_1494524389742{padding-left: 14px !important;}&#8221;][vc_custom_heading text=&#8221;Ventilation &amp; Styrentreprenad&#8221; font_container=&#8221;tag:h2|font_size:20|text_align:left|line_height:1&#8243; google_fonts=&#8221;font_family:Open%20Sans%3A300%2C300italic%2Cregular%2Citalic%2C600%2C600italic%2C700%2C700italic%2C800%2C800italic|font_style:400%20regular%3A400%3Anormal&#8221;][vc_column_text] Projekttid 2015-2016 Kontakt: M\u00e5rten Persson &nbsp; IKEAs allra f\u00f6rsta varuhus har genomg\u00e5tt total ombyggnad\u00a0f\u00f6r ny verksamhet. IKEA Museum forts\u00e4tter att vara en unik fastighet inom IKEAs best\u00e5nd. Med Dynacon som generelentrepren\u00f6r omfattade JFKs [&hellip;]<\/p>\n","protected":false},"author":1,"featured_media":0,"parent":0,"menu_order":0,"comment_status":"closed","ping_status":"closed","template":"template-home.php","meta":{"footnotes":""},"class_list":["post-803","page","type-page","status-publish","hentry"],"_links":{"self":[{"href":"https:\/\/www.jfkab.com\/index.php?rest_route=\/wp\/v2\/pages\/803","targetHints":{"allow":["GET"]}}],"collection":[{"href":"https:\/\/www.jfkab.com\/index.php?rest_route=\/wp\/v2\/pages"}],"about":[{"href":"https:\/\/www.jfkab.com\/index.php?rest_route=\/wp\/v2\/types\/page"}],"author":[{"embeddable":true,"href":"https:\/\/www.jfkab.com\/index.php?rest_route=\/wp\/v2\/users\/1"}],"replies":[{"embeddable":true,"href":"https:\/\/www.jfkab.com\/index.php?rest_route=%2Fwp%2Fv2%2Fcomments&post=803"}],"version-history":[{"count":29,"href":"https:\/\/www.jfkab.com\/index.php?rest_route=\/wp\/v2\/pages\/803\/revisions"}],"predecessor-version":[{"id":1931,"href":"https:\/\/www.jfkab.com\/index.php?rest_route=\/wp\/v2\/pages\/803\/revisions\/1931"}],"wp:attachment":[{"href":"https:\/\/www.jfkab.com\/index.php?rest_route=%2Fwp%2Fv2%2Fmedia&parent=803"}],"curies":[{"name":"wp","href":"https:\/\/api.w.org\/{rel}","templated":true}]}}

<div class="wpb-content-wrapper"><p>[vc_row][vc_column][vc_empty_space height=&#8221;168&#8243;][vc_custom_heading text=&#8221;IKEA Museum &#038; Café, Älmhult&#8221; font_container=&#8221;tag:h2|font_size:24|text_align:left|color:%23226835|line_height:1&#8243; google_fonts=&#8221;font_family:Open%20Sans%3A300%2C300italic%2Cregular%2Citalic%2C600%2C600italic%2C700%2C700italic%2C800%2C800italic|font_style:600%20bold%20regular%3A600%3Anormal&#8221;][vc_row_inner][vc_column_inner width=&#8221;1/2&#8243;][vc_gallery interval=&#8221;5&#8243; images=&#8221;944,945,946,947,948,949,950,951,952,953,954,955,956,957,959&#8243; img_size=&#8221;640&#215;480&#8243;][/vc_column_inner][vc_column_inner width=&#8221;1/2&#8243; css=&#8221;.vc_custom_1494524389742{padding-left: 14px !important;}&#8221;][vc_custom_heading text=&#8221;Ventilation &amp; Styrentreprenad&#8221; font_container=&#8221;tag:h2|font_size:20|text_align:left|line_height:1&#8243; google_fonts=&#8221;font_family:Open%20Sans%3A300%2C300italic%2Cregular%2Citalic%2C600%2C600italic%2C700%2C700italic%2C800%2C800italic|font_style:400%20regular%3A400%3Anormal&#8221;][vc_column_text]</p>
<ul>
<li>Projekttid 2015-2016</li>
<li>Kontakt: <span style="color: #008000;"><a style="color: #008000;" href="mailto:mp@jfkab.com">Mårten Persson</a></span></li>
</ul>
<p>&nbsp;</p>
<p>IKEAs allra första varuhus har genomgått total ombyggnad för ny verksamhet. IKEA Museum fortsätter att vara en unik fastighet inom IKEAs bestånd. Med Dynacon som generelentreprenör omfattade JFKs uppdrag Ventilation/Styrentreprenaden.</p>
<p>Fastighetens luftbehandling är behovsstyrd och tillför 26 600 l/s fördelade på åtta aggregat. Luften levereras till lokalerna genom 350 st golvdon inbyggda i fatwalls med vattenanslutet värmebatteri i varje don. Levererat av InventiAir.</p>
<p>Styrningen av luftmängd och klimat är utförd med Lindinvents system för reglering av flöde och klimat.</p>
<p>Två Silveraggregat med inbyggda kylmaskiner och sex takmonterade aggregat förbundna två och två med servicegång. Isolering och plåt utfördes av ToP-isolering, och åtskilliga är de lastbilar som kommit från Profiduct med kanaler.[/vc_column_text][/vc_column_inner][/vc_row_inner][/vc_column][/vc_row][vc_row][vc_column width=&#8221;1/2&#8243;][vc_column_text]<strong><span style="color: #000000;">VÅRA UNDERENTREPRENÖRER I PROJEKTET</span></strong></p>
<p><span style="color: #000000;">    Siemens Växjö &#8211; </span>Styr &amp; Regler<br />
<span style="color: #000000;">    Widings El Älmhult </span>&#8211; Styrel<br />
<span style="color: #000000;">    Lindinvent &#8211;</span> Leverans och driftsättning av VAV och Lindinspect<br />
<span style="color: #000000;">    ToP-isolering Kristianstad</span> &#8211; Isolering och plåtning</p>
<p><strong><span style="color: #000000;">VÅRA STÖRSTA LEVERANTÖRER I PROJEKTET</span></strong></p>
<p><span style="color: #000000;">    Swegon Kalmar</span> &#8211; Luftbehandlings aggregat<br />
<span style="color: #000000;">    Lindinvent</span> &#8211; VAV och Lindinspect<br />
<span style="color: #000000;">    InventiAir</span> &#8211; Luftdon med värmebatteri<br />
<span style="color: #000000;">    Profiduct</span> &#8211; <span style="color: #000000;">Rektangulära</span> kanaler<br />
<span style="color: #000000;">    Lindab</span> &#8211; Cirkulära kanaler, ljuddämpare och spjäll<br />
<span style="color: #000000;">    Klimatbyrån</span> &#8211; Rektangulära ljuddämpare, spjäll och don<br />
<span style="color: #000000;">    Bevent Rasch</span> &#8211; Brand/ brandgasspjäll<br />
<span style="color: #000000;">    Acticon</span> &#8211; Storkökskåpor med ledbelysning<br />
<span style="color: #000000;">    EKO</span> &#8211; huvar och galler[/vc_column_text][/vc_column][vc_column width=&#8221;1/2&#8243;][vc_cta h2=&#8221;Fakta&#8221; h2_font_container=&#8221;font_size:20|line_height:1&#8243; h2_google_fonts=&#8221;font_family:Open%20Sans%3A300%2C300italic%2Cregular%2Citalic%2C600%2C600italic%2C700%2C700italic%2C800%2C800italic|font_style:400%20regular%3A400%3Anormal&#8221; color=&#8221;green&#8221; use_custom_fonts_h2=&#8221;true&#8221; use_custom_fonts_h4=&#8221;true&#8221;]</p>
<ul>
<li>26 600 l/s behandlad luft vid normal drift</li>
<li>8 luftbehandlings aggregat</li>
<li>350 golvdon inbyggda i fatwalls.<img loading="lazy" decoding="async" class="wp-image-963 alignright" src="https://www.jfkab.com/wp-content/uploads/2016/10/proj_ikeamus_lindinspect.png" alt="Projekt 2016 IKEA Museum - Lindinspect" width="179" height="164" srcset="https://www.jfkab.com/wp-content/uploads/2016/10/proj_ikeamus_lindinspect.png 419w, https://www.jfkab.com/wp-content/uploads/2016/10/proj_ikeamus_lindinspect-768x702.png 768w" sizes="auto, (max-width: 179px) 100vw, 179px" /></li>
</ul>
<p>[/vc_cta][/vc_column][/vc_row][vc_row][vc_column][vc_empty_space][/vc_column][/vc_row]</p>
</div>

<p>[vc_row][vc_column][vc_empty_space height=&#8221;168&#8243;][vc_custom_heading text=&#8221;IKEA Museum &#038; Café, Älmhult&#8221; font_container=&#8221;tag:h2|font_size:24|text_align:left|color:%23226835|line_height:1&#8243; google_fonts=&#8221;font_family:Open%20Sans%3A300%2C300italic%2Cregular%2Citalic%2C600%2C600italic%2C700%2C700italic%2C800%2C800italic|font_style:600%20bold%20regular%3A600%3Anormal&#8221;][vc_row_inner][vc_column_inner width=&#8221;1/2&#8243;][vc_gallery interval=&#8221;5&#8243; images=&#8221;944,945,946,947,948,949,950,951,952,953,954,955,956,957,959&#8243; img_size=&#8221;640&#215;480&#8243;][/vc_column_inner][vc_column_inner width=&#8221;1/2&#8243; css=&#8221;.vc_custom_1494524389742{padding-left: 14px !important;}&#8221;][vc_custom_heading text=&#8221;Ventilation &amp; Styrentreprenad&#8221; font_container=&#8221;tag:h2|font_size:20|text_align:left|line_height:1&#8243; google_fonts=&#8221;font_family:Open%20Sans%3A300%2C300italic%2Cregular%2Citalic%2C600%2C600italic%2C700%2C700italic%2C800%2C800italic|font_style:400%20regular%3A400%3Anormal&#8221;][vc_column_text] Projekttid 2015-2016 Kontakt: Mårten Persson &nbsp; IKEAs allra första varuhus har genomgått total ombyggnad för ny verksamhet. IKEA Museum fortsätter att vara en unik fastighet inom IKEAs bestånd. Med Dynacon som generelentreprenör omfattade JFKs [&hellip;]</p>
